q**2 - q - 1. Calculate l(c).
11
Let n(a) be the first derivative of -2*a**3/3 - 2*a**2 + a - 11. What is n(-3)?
-5
Let z(b) be the third derivative of -b**5/120 + 3*b**4/8 + 4*b**3/3 + 7*b**2. Let w(m) be the first derivative of z(m). Suppose 3*q = q + 8. Calculate w(q).
5
Suppose 0*p - p - 28 = 3*z, 0 = z + 3*p - 4. Let o(d) = d + 12. Calculate o(z).
1
Suppose -13 = 3*v + 5*y, 0 = v + 2*y + y + 11. Let s(c) = v*c**2 - 3*c**2 + 5 - 2. What is s(0)?
3
Let n(j) = -6*j**3 + 2*j**2 + j. Suppose -3*o + 9 + 0 = 0. Suppose -o*d + 2*d - 1 = -4*a, -25 = 4*d + 5*a. Let p = d - -4. What is n(p)?
7
Let b be -1 - (-1 + -5) - 2. Let w(f) = -f**2 + f + 1. Let d(k) = 2*k**2 - 2*k - 1. Let q(a) = -3*d(a) - 4*w(a). Determine q(b).
-13
Let c(b) be the second derivative of -b**4/12 - 2*b**3/3 - 3*b**2/2 - 5*b. What is c(-4)?
-3
Let d(m) = -m**3 + 2*m**2 + 2*m - 2. Let y(t) = t**3 + 5*t**2 + 3*t - 2. Let p be y(-4). Let k = 5 - 0. Let f = k - p. Calculate d(f).
-5
Let d = 29/10 - 2/5. Let y(p) be the first derivative of 2/3*p**3 + 2*p - 1 + d*p**2. Give y(-3).
5
Let v(b) = b - 4. Let g be v(4). Let z(p) = 3*p + p**3 + 5 - 4*p + g*p**3. Let l(x) = -x**3 - x**2 + 2*x. Let w be l(-2). What is z(w)?
5
Let a be (-11 - -8)*(-1)/(-12)*-4. Let t(j) = -3*j**3 + 2*j**2 - 2*j + 1. What is t(a)?
-2
Let l(m) = 4*m**3 + 11*m**2 - 3*m + 1. Let f(y) = -5*y**3 - 12*y**2 + 3*y. Let x(g) = 5*f(g) + 6*l(g). What is x(5)?
16
Let t(p) = 0 - 2 + 1. Let h(o) = -o + 7. Let y(r) = -h(r) - 5*t(r). Let g be (-2)/6 + (-7)/(-3). Determine y(g).
0
Let q = -2 - -3. Let d(g) = -4*g**3 - 2*g**2 + g. Let n be d(q). Let s(u) = u**3 + 4*u**2 - 6*u + 6. Give s(n).
11
Suppose 4*n = -0*n - 48. Let b be (2/(-8))/((-3)/n). Let u(q) be the first derivative of 11*q**3/3 - q**2 - q + 1. Give u(b).
12
Let t(y) be the third derivative of -y**5/60 + 2*y**3/3 + 14*y**2. What is t(-3)?
-5
Let n(q) = 2 - q + 4*q - 4*q. Suppose -3*u + 16 = 1. Give n(u).
-3
Let l(n) be the third derivative of n**9/60480 - n**8/4032 - n**7/1008 - n**6/90 - n**5/30 + n**2. Let k(t) be the third derivative of l(t). Calculate k(6).
-2
Let i = 4 + 1. Suppose 10 = n - 2*x - i, -15 = 3*x. Let c(d) be the first derivative of d**4/4 - 5*d**3/3 + 3*d**2/2 - 5*d - 1. Give c(n).
10
Let k(d) = d**2 - 6*d. Let r be k(6). Suppose 2*s - p = 2*p + 35, -5*s + 5*p + 85 = 0. Suppose -4*u + r = -s. Let v(t) = t**3 - 4*t**2 - 3*t + 6. Give v(u).
-6
Let m(o) = 4*o**2 + 3*o**2 - 9 - 3*o**2 - 5*o - 3*o**2. What is m(7)?
5
Let l(g) = g - 1. Let n(c) = -4*c + 3. Let f(z) = -15*l(z) - 3*n(z). Determine f(4).
-6
Let d(y) = 6*y**2 + 7 + 4 - 12 + 2*y. Determine d(1).
7
Let u(o) be the second derivative of o**4/12 + 5*o**3/6 + 4*o**2 - 27*o. What is u(-6)?
14
Let j = -9 - -14. Let r(t) be the third derivative of t**6/720 - t**5/20 + t**4/12 + 2*t**2. Let l(m) be the second derivative of r(m). Calculate l(j).
-1
Let n(z) = z**2 + z - 1. Let b(v) = 2 + 8*v - 4 - 9 + v**3 + 0*v + v**2. Let k(m) = -b(m) + 5*n(m). What is k(4)?
-6
Let y(n) = -n**3 + 5*n**2 - 2*n - 1. Let x(q) = q**3 - 9*q**2 + 2*q - 13. Let i be x(9). Calculate y(i).
-11
Let w = 11 - 7. Let r(s) = s**3 - 3*s**2 - 4*s + 4. Let a be r(w). Let j(y) = -3*y + 1. Determine j(a).
-11
Let y(u) be the third derivative of -u**6/120 - u**5/30 - u**4/12 + u**3/6 + 17*u**2. Calculate y(-2).
5
Let d be 2*-1*(-6)/(-4). Let w be (-4 - d) + -2 + 4. Let t be 5/(-2)*2/w. Let k(n) = -n - 4. What is k(t)?
1
Let g be 2 + -5 + 6 + -2. Let f(b) = 2*b - 1. Give f(g).
1
Let j(p) = 2 - p - 2*p - 1 + 7*p. Let i(a) = -a - 1. Let t(d) = -3*i(d) - j(d). Give t(5).
-3
Let s(a) = a**3 - 4*a**2 - 5*a + 5. Let q be s(5). Suppose 0 = -x + 5*d + 1, -3*d = -3*x - 0 + 3. Let f(w) = 1 - 5 - 1 + x + 2*w. Determine f(q).
6
Let g(j) = -13*j**2 - 6*j + 9. Let r(n) = -7*n**2 - 3*n + 5. Let v(x) = 6*g(x) - 11*r(x). Let b be -2 + 0 - 2 - 0. Determine v(b).
-5
Let n(q) = -q + 4. Let j = -4 + 7. Give n(j).
1
Suppose -3*r - 5*y = 5, -4*y - 5 = -r + y. Suppose r*z = 3*z - 15. Let c(o) = o**2 - 6*o. What is c(z)?
-5
Let o(r) = 4*r**3 + r**2. Let w be o(-1). Let d(l) = -l**3 - l**2 - l - 2. Calculate d(w).
19
Let o = 11 + -5. Let w(s) = s - 2*s - o + 9. Suppose -6 = u - 3. What is w(u)?
6
Let k(r) = r - 3. Let f be k(5). Let c(m) = -6*m - 3 - f*m + 5*m + 2*m. Give c(-6).
3
Let i be 2/1 + 0 + -2. Suppose u - 4*u + 3 = i. Let d(z) = -u - 7*z**2 + 2 + 3*z**2. Determine d(-1).
-3
Let c(m) = -m**2 + 3*m + 2. Let t be (20/15)/(2/3). Let a be ((-1)/2)/((-2)/(-16)). Let r = a + t. Give c(r).
-8
Let a(s) = s**2 + 13*s + 18. Let o be a(-11). Let u(b) be the second derivative of b**5/20 + 5*b**4/12 + 2*b**3/3 + 5*b**2/2 - 2*b. What is u(o)?
5
Let v be 1/(0 + (-2)/(-4)). Let f(h) = -3 - 5*h + h**2 + 3*h**v + 0*h**2 - 5*h**2. Calculate f(-6).
-9
Let y(s) = -s**3 - 5*s**2 - 3*s. Let v be y(-4). Let f(n) = 2*n**2 + 19*n + 10. Let p(x) = x**2 + 10*x + 5. Let q(t) = 6*f(t) - 11*p(t). Calculate q(v).
5
Let w(s) = s**3 + s**2 - s - 1. Let y = 16 + -17. Give w(y).
0
Let h be (-5)/(5/3) - -3. Suppose 5*j + 3*w + 3 = h, -w = -j + 3*w - 19. Let v(z) = z**3 + 5*z**2 + 3*z - 1. Determine v(j).
8
Let c(u) be the third derivative of u**6/360 + u**5/60 + u**4/6 - u**3/6 + u**2. Let h(v) be the first derivative of c(v). Let f = 134 - 137. Give h(f).
7
Let n(v) = 3*v**3 - 27*v**2 - 40*v + 6. Let f(t) = -t**3 + 9*t**2 + 13*t - 2. Let q(z) = 7*f(z) + 2*n(z). Calculate q(10).
8
Let w(z) = 206*z + 4*z**2 + 0 + z**3 + 2 - 204*z. Determine w(-3).
5
Let x be (-5)/(-1 - -1 - 1). Let o(z) = -1441 - 1445 - z + 2888. Determine o(x).
-3
Let k(i) = -i**3 - 12*i**2 - 11*i. Let a be k(-11). Let z(u) = u**3 + u**2 - u + 5. What is z(a)?
5
Let w(c) = -4*c + 0*c**3 + 5 + 0*c**3 + 4*c**2 + c**3. Let p(t) = -t**3 + 8*t**2 - t + 11. Let j be p(8). Let r be (-1 - j) + 1/(-1). Calculate w(r).
0
Let u(k) be the third derivative of 0 + 5/6*k**3 + 0*k - 3/8*k**4 - 3*k**2 + 1/60*k**5. Calculate u(6).
-13
Let t be ((-4)/8)/(1/(-6)). Suppose -3*z + 5*g - 38 = -12, t*g = 5*z + 22. Let c(h) = 4*h - 3*h + h. Determine c(z).
-4
Let t be (-40)/30 - 1/(-3). Let k(w) = 1. Let a(l) = l - 12. Let n(c) = t*a(c) - 3*k(c). Give n(0).
9
Let r(w) = -w**3 - 4*w**2 + 11*w - 2. Let y be r(-6). Let t(i) be the third derivative of 1/24*i**y + 3*i**2 - 1/6*i**3 + 0 + 0*i. Calculate t(-4).
-5
Let f(u) = -u**3 - 2*u**2 - 2*u - 1. Let l(v) = -v**3 - 4*v**2 - 3*v - 2. Let w be l(-3). Calculate f(w).
3
Suppose 0 = 7*k - 2*k + 2*d - 15, -5*k + 3*d = -40. Suppose 2*u + u = 2*m - 2, 0 = -5*m + u + k. Let x(j) = -5*j**3. What is x(m)?
-5
Let v(d) = -7*d + 1. Let c(j) = 3*j + j + 56 - 57 + j. Let b(h) = 8*c(h) + 5*v(h). Determine b(2).
7
Suppose -2*j + 4*w - 4 = -2, 5*w - 22 = -4*j. Let c(l) = l + 1. Determine c(j).
4
Suppose d = 5*d + 3*r - 35, 5*r = -3*d + 40. Let v = d + -1. Suppose 4*j = 3*h - v, -4 = -2*h + 2*j - 0. Let c(l) = l**3 - 5*l**2 + 6*l - 3. Give c(h).
5
Let m be 8/(-12) + 26/(-6). Let u(x) be the first derivative of x**3/3 + 5*x**2/2 + 6*x + 1. What is u(m)?
6
Let z(s) = -s**2 + s + 9. Let j(i) = -5. Let u(k) = -5*j(k) - 3*z(k). What is u(3)?
16
Let f(i) be the first derivative of -i**4/4 + 2*i**2 - 3*i - 14. What is f(2)?
-3
Let w be 5/(-45)*9/(-6). Let l(b) be the second derivative of 3*b - 1/20*b**5 + w*b**3 - 1/12*b**4 + 0 - 9/2*b**2. Determine l(0).
-9
Let h = -15 + 21. Let o = h + -3. Let y(z) = 2*z - 11. Let v(t) = -t + 6. Let a(b) = -5*v(b) - 3*y(b). Give a(o).
0
Let w(s) be the third derivative of s**7/1260 + s**6/240 - s**5/30 - s**4/12 - 3*s**2. Let t(c) be the second derivative of w(c). What is t(-3)?
5
Let b be (-4)/(-1 - -2 - 3). Let w(k) = -6*k - 2*k**3 + 8*k + 2 + 4*k**2 - 6*k. Calculate w(b).
-6
Let q(y) be the first derivative of -11*y**2 + y + 6. Give q(1).
-21
Suppose -65 = -8*u + 3*u. Let j = -12 + u. Let r(h) = -6*h**2 - 1 + 4*h**2 - 6*h**2. Determine r(j).
-9
Let h(t) = t**3 + 12*t**2 + 10*t - 16. Let g be h(-11). Let y(d) be the second derivative of -d**3/6 - 3*d**2 - 3*d. Determine y(g).
-1
Let z = 7 + -3. Let q(m) be the second derivative of -m**7/2520 + m**6/144 + m**5/120 + m**4/12 - m. Let j(y) be the third derivative of q(y). Calculate j(z).
5
Let y(a) = -a + 2. Suppose 3 = s - 0, -5*h - 4*s = -42. Let r = -3 + h. Give y(r).
-1
Let o(x) = 86 + 2*x - 34 - 46. Give o(-8).
-10
Let s(m) = 3*m +